
5
Let s(n) = n**2 + 5*n + 1. Let f(i) = -4*i. Let c(u) = -3*f(u) - 2*s(u). Let w = 41 + -39. Calculate c(w).
-6
Let z(p) = 13*p**2 - 20*p + 1. Let i(h) = 28*h**2 - 42*h + 1. Let q(b) = 6*i(b) - 13*z(b). Calculate q(2).
5
Suppose -4 = v - 2. Let w = 1 - v. Let c(j) = 2 + 0 + j + w - 2*j. Determine c(0).
5
Let p(g) be the third derivative of 2/3*g**3 + 0*g + 12*g**2 - 1/24*g**4 + 0. What is p(4)?
0
Let p(u) = -u**2 + 3*u + 10. Let x = 380 - 374. Determine p(x).
-8
Let q(d) = -d**3 - 4*d**2 - 2. Let n = -7 - 4. Let c be -8*(-5)/10*2. Let j = n + c. Calculate q(j).
-11
Let z = 156 + -159. Let q(x) be the first derivative of x**6/120 + x**5/15 + x**4/24 + x**2/2 - 2. Let g(a) be the second derivative of q(a). Determine g(z).
6
Suppose 0 = -2*x - 26 + 66. Let l(f) = -f**2 - 20*f**3 - 7 - f - x*f**3 + 39*f**3. Give l(0).
-7
Let d(a) = -2*a**2 + 11*a + 10. Let f be d(6). Let c(n) = 5*n + 3*n**2 + 2 + 2*n - 4*n**2 - f. Determine c(7).
-2
Suppose q = -2 - 2. Let g be 8/5 - q/10. Let r(v) = -182 + 116 + 4*v + 67. Calculate r(g).
9
Let k(w) = 3*w**2 - 11*w - 5. Let v(r) = -2*r**2 + 13*r + 9. Let c(n) = -3*k(n) - 4*v(n). Determine c(-18).
-3
Let d(t) = -t**2 + 5. Let s(k) = k. Let l(q) = d(q) + 3*s(q). Give l(6).
-13
Let h(r) = 2*r**2 - 15*r + 8. Suppose -15*l = -20*l + 20, 40 = 4*u + 3*l. What is h(u)?
1
Let q(z) = 4*z - 1. Let x(i) = -9*i + 2. Let d(a) = -5*q(a) - 2*x(a). What is d(4)?
-7
Let l = 34 + -9. Let f(g) = -3*g**2 + 25*g - 2 - l*g. Give f(2).
-14
Let m(d) = 9*d**2 - d - 1282 + 1282. Give m(1).
8
Let q be -3 - ((-1 + 5 - 5) + -2). Let j(g) be the third derivative of -1/10*g**5 + q*g - 1/120*g**6 - g**2 + 0 + 7/6*g**3 + 0*g**4. Determine j(-6).
7
Let x(p) = p**3 + 7*p**2 + 7*p + 5. Let k(d) = -d. Let r(q) = q**2 + 2*q + 12. Let c(y) = 2*k(y) + r(y). Let z be c(0). Suppose 10*l - 12*l = z. Determine x(l).
-1
Let a(g) = 24*g - 9. Let k(r) = -11*r + 4. Let o(t) = 2*a(t) + 5*k(t). Calculate o(-1).
9
Suppose 0 = 4*r + 2*g + 18, -3*g + 26 = -5*r + 9. Let a(v) = v**3 + 2*v**2 - 3*v + 4. Give a(r).
-16
Let n = -346 - -337. Let x(r) = -2*r - 22. Give x(n).
-4
Let m(o) be the first derivative of -4 + o - 5/2*o**2. Suppose -3*d = u - 7, 0*d = -2*d - 2*u + 10. Give m(d).
-4
Let z(j) = -11*j**2 - 7*j - 2. Let v(l) = -24*l**2 - 14*l - 4. Let b(f) = 6*v(f) - 13*z(f). Determine b(5).
12
Suppose 3*m + 3*t + 6 = 0, m + 4*t - 1 = -18. Suppose 3*i - m = 6*i. Let l(b) = -9*b**3 + b**2 + 2*b + 1. Determine l(i).
9
Suppose -16 = -3*q - i, 0*q + 4*q - 3*i - 30 = 0. Let p(y) be the first derivative of y**4/4 - 2*y**3 - 3*y**2 + 5*y + 3. What is p(q)?
-31
Let c(b) = -3*b**2 - b. Suppose -26 = -3*t + 5*j, -2*t + 0*t + 24 = -5*j. Suppose -4*r + 2*r = t. Let x be (r/(-3))/(2/6). What is c(x)?
-4
Let p(g) be the third derivative of 0*g + 0 - g**3 - 4*g**2 - 7/24*g**4 - 1/60*g**5. What is p(-4)?
6
Let u(t) = t**2 + 5*t - 1. Let x(p) = -6*p**2 - 22*p + 3. Let r(a) = -5*u(a) - x(a). What is r(4)?
6
Suppose 4*x - 14 = -6. Let k(c) = 3*c - 18*c**x + c**3 - 1 + c - 2 + 12*c**2. Calculate k(5).
-8
Let u = 171 - 170. Let a(i) = 3*i**3 + 2*i - 1. Give a(u).
4
Let u be ((-200)/(-110))/10 - (-2)/(-11). Let d(w) = -w + 6. Suppose 31 + 14 = -5*m. Let o(r) = 2*r - 12. Let h(q) = m*d(q) - 4*o(q). What is h(u)?
-6
Let x(s) = 2*s + 1. Let v be (3 - (-8)/9) + (-1)/(-9). What is x(v)?
9
Suppose 40 = -4*n - n. Let s be (-4*(-4)/n)/(-1). Let x(p) = p - 5 - 2*p + 1 - s*p - p**2. What is x(-4)?
-8
Let p(x) be the third derivative of -x**7/1008 - x**5/6 - 16*x**2. Let o(l) be the third derivative of p(l). Give o(-2).
10
Suppose l + 5*g + 51 = -0*g, 2*l + 4*g = -90. Let a = l + 48. Let h(o) = -o**3 + 6*o**2 + 7*o + 3. Give h(a).
3
Suppose 22*c + 16 = 4*k + 23*c, -k = 2*c - 4. Let i(z) = -4*z - 4. Determine i(k).
-20
Suppose 4*y = -m - 32, -2*m - 5*y - 21 - 28 = 0. Let k be (m + 14)/((-2)/(-9)). Suppose 4*z = -5 + k. Let t(s) = 7*s. Give t(z).
7
Let z = 3 - 0. Let i(m) = 49 - 102 + 6*m + 50. Let q(r) = r. Let x(j) = i(j) - 5*q(j). Determine x(z).
0
Let x(m) = -2*m**2 + 3*m. Suppose -5*p = -0*p - 30. Let i(l) = 1 + p - 4*l - 9. Let u be i(-1). Determine x(u).
-2
Suppose w + f = 4, 0*w - w = 5*f - 20. Let i(c) be the third derivative of 1/60*c**5 - 1/120*c**6 + c**3 + 0*c + 1/24*c**4 - 9*c**2 + 0. Calculate i(w).
6
Let a(x) = -20*x**2 - 14*x + 14. Let q = 17 + -21. Let i(h) = 7*h**2 + 5*h - 5. Let s(t) = q*a(t) - 11*i(t). Determine s(-2).
9
Let w(p) be the third derivative of -1/720*p**6 + 0*p - 1/4*p**4 + 1/24*p**5 + 0 + 0*p**3 - 10*p**2. Let c(z) be the second derivative of w(z). Determine c(6).
-1
Let o be (-31)/(-3) + ((-2)/(-3) - 1). Let i(l) = 8*l + l**3 - 9 - 6*l**2 - 8*l + o*l - 4*l**2. What is i(9)?
0
Let z be ((-20)/8)/((-2)/(-4)). Let k(u) be the third derivative of u**4/12 + 2*u**3/3 - 12*u**2. Determine k(z).
-6
Suppose -4*t + 0*b - 10 = -3*b, -22 = 3*t + 5*b. Let i(s) = s**3 + s**2 - 49 + 2*s + 3*s**2 + 67 - 21. What is i(t)?
-11
Let r(u) = -2*u**3 + 7*u**2 - 3*u + 7. Let n(q) = q**3 - q**2. Let l(b) = 3*n(b) + r(b). Suppose 63 = -5*y + 38. Determine l(y).
-3
Let f(j) = j - 1. Let d(l) = -3*l - 4. Let p(i) = -d(i) - 6*f(i). Calculate p(8).
-14
Let t(w) = -w + 4. Suppose 119 = 12*c + 5*c. Determine t(c).
-3
Let a(n) be the first derivative of n**2 - n - 1. Let g = 112 + -63. Let s = g + -44. What is a(s)?
9
Suppose -6*v = -3*v + 2*z - 228, -5*v + z + 393 = 0. Let p = v + -73. Let x(d) = -d**2 + 2*d - 2. What is x(p)?
-17
Let z(j) = 2*j**3 + 2*j**2 - 2. Suppose -2*q = -5*t - 3, -2*t - t = -5*q - 2. Let w be 2/(-4)*-2 - t. Let g = w - 4. Calculate z(g).
-10
Suppose 3*u = -0 - 3. Let r(t) be the first derivative of 0*t**2 - 2/3*t**3 + t + 6. Calculate r(u).
-1
Let w(n) be the third derivative of -5*n**4/24 - n**3/6 + n**2. Let p(g) = g**3 + g**2 + 18. Let r be p(0). Let x = r - 17. What is w(x)?
-6
Let a(y) = -5*y**2 + 5*y - 9. Let r(x) = 11*x**2 - 11*x + 22. Let c(k) = -7*a(k) - 3*r(k). Calculate c(3).
9
Suppose -3*w + 126 = -4*y, -w + 31 = -0*w - 5*y. Let l = -49 + w. Let b(d) = d**3 + 4*d**2 + 4*d + 1. Determine b(l).
-2
Let f(x) = -x - 3*x + 3*x - 5. Let b(m) = 34*m**3 - m. Let p be b(-1). Let g be 6/p + (-2)/(-11). What is f(g)?
-5
Let v be -21*(1 + 4 + 208/(-39)). Let f(b) = 3*b - 4. Calculate f(v).
17
Let z(k) = -k**2 - 7*k + 1. Let x(b) = -3*b**2 - 15*b + 3. Let d(m) = -4*x(m) + 9*z(m). What is d(5)?
57
Let l(b) = -26 + 111 + b**2 - 31 - 4*b - 24 - 27. Let f be (-4)/(-2) - (-2 - -1). Give l(f).
0
Let y(s) = 2*s + 30. Let w be 1*(8 - 17) + -4. Determine y(w).
4
Let v(h) = 2*h - 1. Let q(g) = -24*g + 6. Let w(y) = -q(y) - 9*v(y). Calculate w(5).
33
Let p = -10 + 12. Suppose -p*r + 4*u - 10 = 4, 4*r + u = 17. Suppose -5*q - 35 = -5*z, 8*q = 4*z + r*q - 29. Let k(m) = m**3 - 6*m**2 + m + 3. What is k(z)?
9
Let r(o) = -1 + 40*o + 2 - 32*o. Let j be r(-1). Let y(a) = -a - 9. Calculate y(j).
-2
Let a be 198/45 + 3/5. Let l(q) = -a*q + 5*q + 0*q - 3 + 2*q. What is l(3)?
3
Let i(q) = 4 - 21 + 3*q - 4*q + q + q. Determine i(10).
-7
Let b(t) = t - 7. Let i = -88 - -98. What is b(i)?
3
Let y(m) = 6*m + 0*m**2 - 4*m - 7 + 3*m - m**2. Let x be (1 - (-4)/(-1)) + 1. Let k be (-14)/x + 10/(-5). Give y(k).
-7
Let l(q) = 25*q**3 - q**2 + 2*q - 1. Let p(m) = -m**3 - 6*m**2 - 5*m + 2. Let c be p(-5). Let d(h) = h**3 - 2*h**2 + 4*h - 7. Let o be d(c). Determine l(o).
25
Let b(x) = x**3 + 5*x**2 + 2*x + 4. Let m(i) = i**2 + 2*i. Let t be m(-2). Suppose 5*w + 150 = 5*k, t*w + 56 = 2*k - w. Suppose k = -7*s - 9. Calculate b(s).
-6
Suppose -6*f + 2*f = 28. Let j(z) = z**3 + 6*z**2 - 8*z - 7. What is j(f)?
0
Let j(t) = 6*t + 10 - 4 - 4*t. Let p be j(-3). Suppose p = 4*w - 4 - 0. Let h(c) = 3*c**3 - 2*c**2 + 2*c - 1. What is h(w)?
2
Let q(h) = -4*h + 5. Suppose -4*r + 2*r = -4. Suppose -26 = -0*u + r*u. Let j(s) = s**2 + 12*s - 9. Let g be j(u). Determine q(g).
-11
Let s(j) = -4 - 8*j**2 + 9*j**2 + 5*j + 0. Let n be ((-5)/(-2))/(5/(-10)). Determine s(n).
-4
Let z(a) = -16 - 22 + 3*a + 40. Determine z(3).
11
Let u(f) = -f**2 - 9*f - 15. Suppose -151*t = -144*t + 70. Calculate u(t).
-25
Let l(n) = -n**3 + 7*n**2 - 2*n + 5. Suppose 0 = -9*t + 46 + 17. What is l(t)?
-9
Let d(c) = c**3 - 3*c**2 + c**2 - 4 - 4*c**2 + c + 2*c**2. Suppose 149 = -5*z - 216. Let t = 77 + z. Determine d(t).
0
Let s be 2/(-1)*-1*-1. Le